-2)/7. Suppose 5*j - 5*m = 130, f*j + 0*m = 3*m + 126. What is the tens digit of j?
2
Let x(r) = -r**3 - 6*r**2 - r. Let k be x(-6). Suppose -u - 91 = -3*d - k*u, -3*u = 3. What is the tens digit of d?
3
Suppose -368 = -3*w - w. Suppose 0 = 6*m - 10*m + w. What is the tens digit of m?
2
Let m(k) = 16*k**3 - 26*k**2 - 30*k - 25. Let c(n) = 3*n**3 - 5*n**2 - 6*n - 5. Let h(q) = 11*c(q) - 2*m(q). What is the units digit of h(5)?
5
Let l(f) = f**2 + 2*f + 1. Let v be l(-3). Let w be 2/4 - 7/14. Suppose w = j + v*j - 35. What is the units digit of j?
7
Suppose 3*o + 3*t + 134 = 7*o, o = -2*t + 28. What is the units digit of (o/12)/((-2)/(-12))?
6
Let c be (-4)/6*3 + 1. Let r be c - -46 - (-5 + 3). Let v = r + -32. What is the tens digit of v?
1
Let n(d) = -d**3 + 7*d**2 + 4*d - 1. What is the units digit of n(7)?
7
Let n be 5 - 3 - -7 - 3. What is the units digit of 434/10 - n/15?
3
Suppose 0 = -x - 2*s + 179, 2*x - 2*s = 2*s + 350. What is the hundreds digit of x?
1
Suppose x = -2 + 4, -5*k - 5*x + 195 = 0. What is the tens digit of k?
3
Let r be 308/(-26) - 4/26. Let y(b) = -b - 7. What is the units digit of y(r)?
5
Let h = 1 + 1. Suppose -4*j + 4*k = -36, -3*j + h*k + 2*k + 31 = 0. What is the units digit of j?
5
Let j(g) = -7 - 2 - g - g**2 + 4 + 2*g**2. Let n be j(-4). Suppose -l + n - 2 = 0. What is the tens digit of l?
1
Suppose -2*h + 4*h = -8. Let t(g) = -g - 1. Let o(m) = -6*m - 2. Let s(n) = -o(n) + 8*t(n). What is the units digit of s(h)?
2
Suppose -28 = -n + 19. Suppose -3*l + 2*p + n = 3, -l - 5*p - 8 = 0. What is the tens digit of l/(2 + (-2 - -1))?
1
Let r(g) = -g**3 - 11*g**2 - 11*g - 10. Let y be r(-10). Suppose 3*v + y*v = 27. What is the units digit of v?
9
Let l be ((-6)/(-3) - -4)*1. Suppose 2*p = -0*p - 2*g - 8, 3*g + l = 0. Let o = p - -3. What is the units digit of o?
1
Suppose -5*i - 64 + 14 = 0. Let a = i + 16. Suppose -a*b = -5*b - 9. What is the units digit of b?
9
Let s be 0 + 8 + (-3 - 0). Suppose -s*q - 2*n + 50 = -7*n, -n = -3*q + 38. What is the tens digit of q?
1
Let l(u) = 1 - 1 + 17*u**2 + 14*u**2 + u. What is the units digit of l(-1)?
0
Suppose 4*v = 5*w + 52, 29 + 3 = 2*v - 4*w. What is the units digit of v?
8
Let j be (3 - (-3)/(-1)) + 13. Suppose 22 + 22 = 2*w. Let a = w - j. What is the units digit of a?
9
Suppose 0 = 4*n - 16, -2*a + 5*n + 89 = -63. What is the tens digit of a?
8
Let d(s) = -s**2 - s. Let c be d(-1). Let z(r) = -r**3 - r**2 + r + 16. Let o be z(c). Let y = o - 10. What is the units digit of y?
6
Let u(z) = z**3 - 5*z**2 + 3*z - 2. Let j be u(4). What is the units digit of (-2)/4 - 39/j?
6
Let l be 1/4*-2*2. Suppose -2*s = -0*s. What is the units digit of 2 - (s + 2 + l)?
1
Let r = 0 - -5. Let h = 9 - r. Suppose h*b = 2 + 2. What is the units digit of b?
1
What is the units digit of (218/(-2)*-1)/(7/14)?
8
Let a(f) be the second derivative of -3*f**5/10 + f**2/2 + 2*f. Suppose -4*k - m + 1 = 0, k - 5*m = -4*k - 30. What is the units digit of a(k)?
7
Suppose 3*n + 16 = -n, 2*d - n = 4. What is the units digit of (d - -2)/((-2)/(-9))?
9
Let k(g) be the third derivative of -7*g**4/24 + 2*g**3/3 + 4*g**2. What is the units digit of k(-3)?
5
What is the units digit of 3 - (-16)/(0 + 4)?
7
Let z(r) = -3 - 2*r + 0*r + 3*r. Let u be z(5). Let a = u - 0. What is the units digit of a?
2
What is the tens digit of 6025/(-5)*3/(-15)?
4
Suppose -5*s - 2 = -37. Suppose 0*d - d + s = 0. What is the units digit of d?
7
Let z = 221 - 148. What is the tens digit of z?
7
Let u be (-2*2)/(-2) + 2. Let s(m) = -m - 1. Let o be s(-6). Suppose -1 = u*z - o. What is the units digit of z?
1
Let q(k) = 14*k**3 + k**2. Let l(n) = 2*n**2 - n + 1. Let y be l(0). What is the tens digit of q(y)?
1
Let j = 5 + -5. Let d = j + 13. What is the tens digit of d?
1
Let s = -107 + 161. What is the units digit of s?
4
Suppose -w + 12 + 3 = 0. What is the tens digit of w?
1
Suppose 2*x - 1 = x. Suppose 0 = 5*h - 2*t - 30, 2*t - x = 2*h - 13. What is the units digit of h?
6
Let w = 27 - 11. Let s(b) = -71*b + 1. Let z be s(-1). Suppose -4*o = w, 5*o + z = 5*x - x. What is the units digit of x?
3
What is the hundreds digit of ((-6)/(-18))/(-3*4/(-6516))?
1
Suppose 4*l = -4*z + 608, 4*z - 101 = -l + 51. What is the units digit of l?
2
Let q(j) = -j**3 + 5*j**2 - 5*j + 2. Let h be q(3). Suppose -4*b - 3*d + 12 = -7*d, 3*b = -4*d - h. What is the units digit of b?
1
Let n = 7 - 11. Let q be (n/5)/(3/(-30)). Suppose -q*v = -3*v - 5. What is the units digit of v?
1
Let n be 322/70 + 6/(-10). Suppose 3*a + 54 = 3*z, -46 - 39 = -5*z + n*a. What is the tens digit of z?
1
Let b(j) be the first derivative of 0*j - 2/3*j**3 - 1 - 3/4*j**4 - j**2. What is the tens digit of b(-2)?
2
Let u be (0 - -1)/(1/2). Let p be -1 - 1 - (1 + u). Let i(r) = r**2 + 3*r - 3. What is the units digit of i(p)?
7
Suppose -2*v = -4*v + 56. What is the units digit of v?
8
Let j(l) = l**3 + 12*l**2 - 18*l - 17. Suppose -3*z + 3*x = -z + 14, 4*x = 2*z + 10. What is the tens digit of j(z)?
4
Let s(b) = b**3 - 4*b**2 + b. Let n be s(4). Suppose -5*q + 4*q + 21 = 4*y, 0 = n*y + 8. What is the units digit of q?
9
Let b = -64 - -130. What is the units digit of b?
6
What is the units digit of (-4)/(-12) + 215/3?
2
Suppose 0 = 3*i - 53 - 178. Suppose 1 + i = 3*t. What is the tens digit of t?
2
Let t(p) be the first derivative of -p**4/4 + 4*p**3/3 - 3*p**2/2 + 2*p - 1. What is the units digit of t(3)?
2
Let s = 6 - 6. Suppose -2*p + 8 = -s*p. What is the units digit of p?
4
What is the tens digit of (132/10)/((-8)/(-60))?
9
What is the tens digit of (4/10)/((-1295)/325 - -4)?
2
Let k(b) = -7*b**3 - 2*b**2 + b + 2. Let x be k(-2). Suppose x = 5*n - 3*r, 12 = -4*n - 5*r + 43. What is the units digit of n?
9
Let b be 57/(-21) + (-4)/14. Let p(d) = 3*d + 3. Let y(r) = -16*r - 16. Let i(u) = -11*p(u) - 2*y(u). What is the units digit of i(b)?
2
Let u(s) = 10*s - 34. What is the units digit of u(13)?
6
Let v be 104/(-6) + 7/21. Let x = 3 - v. What is the units digit of x?
0
Let f(v) = -v**2 + 13*v + 18. What is the units digit of f(13)?
8
Let q(y) = -y + 4. Let f be q(9). Let u = f - -7. Suppose 7 = g + u. What is the units digit of g?
5
Let y(i) = 0*i**2 + 3 + i**2 - 2*i**2. What is the units digit of y(0)?
3
Let h be (-1)/(33/(-15) - -2). Suppose -2*u + u + h = 0. Suppose 0*j + 20 = u*j. What is the units digit of j?
4
Suppose -f - 7 = -2*f. Let p = f - -1. What is the units digit of p?
8
Let a be (6 - 12)*2/(-6). Let g be (-34)/2 + (-1 - a). What is the tens digit of g/(-90) - (-248)/18?
1
Let u = 217 - -156. What is the tens digit of u?
7
Let l be (6/(-1))/(-2 + 4). What is the tens digit of 70*l/((-60)/8)?
2
Let q = -4 + 45. Suppose 4*u = 4*w + 32, -2 = 3*u + 2*w - q. What is the tens digit of u?
1
Suppose 3*r - 8 = 5*r, -3*n + 3*r = 6. Let p(i) = i**2 + 3*i - 3. What is the units digit of p(n)?
5
Let u(t) = -t**3 + 5*t**2 - 2*t + 2. Let b be u(4). Let v(d) = 2*d - 4. What is the tens digit of v(b)?
1
Suppose 0 = 2*f - 4*f - 78. Let x = f - -67. Suppose 0*t + x = 2*t. What is the units digit of t?
4
Let p = -2 - -18. Let b = p - 7. What is the units digit of b?
9
Suppose 5*v - 5*x = -3*x + 9, 0 = 3*v + 5*x + 7. Let r = v - -1. What is the units digit of r?
2
Suppose -3*a = 11*a - 1204. What is the tens digit of a?
8
Suppose 2*l - 117 = -l. What is the tens digit of l?
3
Let q(u) = u**3 + u**2 + u + 3. Let l be q(3). Let y = 71 - l. What is the tens digit of y?
2
Suppose -5*h - 30 = 3*t - 5, 9 = 3*h - 3*t. What is the units digit of (9/(-2))/(h/8)?
8
Suppose -5*p + 11 + 0 = -r, -5*r + 11 = -3*p. Suppose -3*l + 13 = -2*c, -7*l + p*l + 14 = -c. What is the units digit of l?
3
Let u be (-1253)/(-28) + (-2)/(-8). Let m = u + -17. What is the tens digit of m?
2
Suppose -2*k + 5*k - 232 = 5*p, 0 = 3*k + p - 202. What is the tens digit of k?
6
Let j = 21 - 45. What is the units digit of j/(-7)*14/2?
4
Let h(w) = w**3 + 3*w**2 + w - 2. Let d be h(-3). Let k(r) be the third derivative of -r**4/6 - r**3/6 - 13*r**2. What is the tens digit of k(d)?
1
Let b(h) = h + 3. Let p be b(0). Let v = p + -9. What is the units digit of (-14)/v - (-1)/(-3)?
2
Let k = 2 + 11. What is the units digit of k?
3
What is the hundreds digit of (-4)/(-22) - (10878/(-66) + 1)?
1
Suppose 12*h - 1816 = 4*h.